he highest common divisor of 490 and 10?
10
What is the greatest common factor of 742 and 954?
106
Calculate the greatest common factor of 531 and 81.
9
What is the highest common divisor of 340 and 425?
85
What is the greatest common divisor of 14 and 938?
14
What is the greatest common divisor of 233 and 3?
1
Calculate the highest common factor of 6633 and 3417.
201
Calculate the greatest common factor of 72 and 7668.
36
Calculate the highest common factor of 333 and 18.
9
Calculate the greatest common factor of 11349 and 117.
117
Calculate the greatest common divisor of 774 and 1634.
86
What is the greatest common divisor of 110 and 8?
2
What is the greatest common divisor of 8 and 128?
8
Calculate the highest common divisor of 26 and 10517.
13
What is the greatest common factor of 52 and 169?
13
What is the greatest common factor of 245 and 196?
49
Calculate the greatest common divisor of 132 and 228.
12
Calculate the greatest common divisor of 78 and 1794.
78
What is the highest common divisor of 2916 and 36?
36
What is the highest common factor of 19 and 817?
19
Calculate the greatest common divisor of 49 and 21.
7
Calculate the greatest common divisor of 4 and 1.
1
Calculate the greatest common divisor of 130 and 9425.
65
Calculate the greatest common divisor of 24 and 312.
24
What is the highest common divisor of 1875 and 525?
75
What is the greatest common factor of 4 and 10196?
4
What is the highest common factor of 28 and 532?
28
What is the highest common factor of 450 and 36?
18
Calculate the greatest common divisor of 1455 and 105.
15
Calculate the highest common factor of 100 and 6725.
25
Calculate the highest common factor of 68 and 6868.
68
What is the highest common factor of 105 and 14154?
21
Calculate the highest common divisor of 5925 and 75.
75
What is the greatest common divisor of 21 and 4200?
21
What is the greatest common factor of 374 and 17?
17
Calculate the highest common factor of 14 and 742.
14
What is the greatest common factor of 97 and 27451?
97
Calculate the greatest common divisor of 205 and 6191.
41
What is the greatest common divisor of 26 and 2678?
26
What is the highest common factor of 167 and 98864?
167
What is the highest common divisor of 1593 and 1269?
27
What is the highest common factor of 529 and 23?
23
What is the highest common divisor of 418 and 176?
22
What is the greatest common factor of 940 and 5?
5
What is the highest common factor of 329 and 188?
47
Calculate the highest common divisor of 6669 and 13.
13
What is the highest common divisor of 392 and 8?
8
Calculate the greatest common divisor of 1083 and 437.
19
What is the highest common divisor of 49 and 784?
49
Calculate the highest common divisor of 49 and 189.
7
Calculate the greatest common divisor of 786 and 18.
6
Calculate the greatest common divisor of 408 and 504.
24
What is the greatest common divisor of 1127 and 644?
161
What is the highest common divisor of 34 and 2788?
34
Calculate the highest common divisor of 11 and 55.
11
What is the highest common divisor of 5 and 2120?
5
What is the highest common factor of 1066 and 390?
26
Calculate the highest common factor of 10258 and 92.
46
What is the greatest common factor of 64 and 236?
4
What is the highest common divisor of 119 and 153?
17
What is the greatest common divisor of 2 and 62?
2
Calculate the highest common divisor of 928 and 174.
58
What is the greatest common factor of 15548 and 69?
23
Calculate the greatest common factor of 8635 and 22.
11
Calculate the greatest common divisor of 152 and 19.
19
What is the highest common factor of 1416 and 192?
24
What is the highest common divisor of 1007 and 53?
53
What is the highest common divisor of 27 and 3537?
27
Calculate the greatest common factor of 12 and 9.
3
Calculate the greatest common divisor of 923 and 13.
13
What is the greatest common factor of 14734 and 139?
139
What is the greatest common factor of 40942 and 22?
22
Calculate the highest common factor of 340 and 1258.
34
What is the greatest common divisor of 42 and 903?
21
What is the greatest common factor of 768 and 6?
6
Calculate the greatest common factor of 587 and 1.
1
Calculate the highest common divisor of 231 and 9.
3
What is the highest common divisor of 6140 and 20?
20
What is the highest common factor of 527 and 217?
31
What is the greatest common factor of 216 and 32?
8
Calculate the highest common divisor of 24 and 684.
12
Calculate the greatest common factor of 2970 and 33.
33
Calculate the highest common factor of 126 and 4221.
63
Calculate the highest common factor of 916 and 128.
4
Calculate the greatest common factor of 119 and 2227.
17
What is the highest common factor of 336 and 42?
42
What is the highest common divisor of 533 and 13?
13
What is the greatest common factor of 42 and 1029?
21
What is the greatest common factor of 15 and 55?
5
Calculate the highest common factor of 40 and 10.
10
Calculate the highest common factor of 60 and 48.
12
Calculate the highest common divisor of 112 and 304.
16
What is the greatest common factor of 874 and 2852?
46
What is the greatest common divisor of 73 and 81?
1
Calculate the greatest common factor of 1809 and 27.
27
Calculate the highest common factor of 768 and 36.
12
Calculate the highest common divisor of 83 and 1328.
83
What is the highest common factor of 43 and 43?
43
Calculate the highest common factor of 47 and 51559.
47
What is the highest common factor of 841 and 551?
29
What is the highest common divisor of 180 and 40?
20
What is the greatest common divisor of 3514 and 7?
7
Calculate the highest common factor of 24 and 15480.
24
Calculate the highest common divisor of 272 and 17.
17
Calculate the highest common divisor of 172 and 129.
43
Calculate the highest common divisor of 24 and 39144.
24
What is the greatest common divisor of 5771 and 261?
29
What is the highest common factor of 16 and 3464?
8
What is the greatest common factor of 312 and 2548?
52
What is the highest common divisor of 1536 and 192?
192
What is the highest common factor of 5390 and 1760?
110
What is the greatest common factor of 23 and 2783?
23
What is the greatest common factor of 64 and 416?
32
Calculate the greatest common divisor of 40054 and 42.
14
What is the greatest common divisor of 90 and 1230?
30
Calculate the greatest common divisor of 36 and 4914.
18
What is the highest common divisor of 2015 and 520?
65
What is the highest common divisor of 31 and 279?
31
What is the greatest common divisor of 3025 and 50?
25
What is the highest common factor of 33 and 18964?
11
Calculate the greatest common factor of 17 and 1819.
17
Calculate the greatest common divisor of 1513 and 85.
17
What is the highest common divisor of 140 and 175?
35
What is the highest common factor of 49060 and 440?
220
What is the highest common factor of 2000 and 2875?
125
Calculate the highest common divisor of 184 and 8.
8
What is the highest common factor of 52910 and 130?
130
What is the greatest common factor of 4360 and 40?
40
Calculate the greatest common divisor of 882 and 3332.
98
What is the greatest common factor of 146 and 1022?
146
What is the highest common factor of 182 and 658?
14
Calculate the highest common divisor of 238 and 1358.
14
What is the highest common divisor of 471 and 6?
3
Calculate the highest common factor of 560 and 7.
7
Calculate the highest common divisor of 4 and 5156.
4
What is the highest common divisor of 37 and 22163?
37
What is the greatest common factor of 10 and 1430?
10
What is the highest common factor of 114 and 1254?
114
What is the highest common divisor of 4 and 548?
4
Calculate the highest common factor of 2535 and 15.
15
Calculate the highest common divisor of 675 and 108.
27
What is the highest common factor of 72 and 16?
8
What is the greatest common factor of 29 and 1856?
29
Calculate the greatest common divisor of 182 and 26.
26
Calculate the highest common factor of 243 and 21303.
81
What is the greatest common divisor of 90 and 990?
90
Calculate the greatest common divisor of 651 and 42.
21
Calculate the highest common divisor of 96 and 888.
24
What is the highest common factor of 32 and 384?
32
Calculate the greatest common divisor of 74 and 814.
74
What is the greatest comm